en 1150 is divided by 89.
82
What is the remainder when 3467 is divided by 124?
119
Calculate the remainder when 122 is divided by 36.
14
What is the remainder when 2141 is divided by 119?
118
What is the remainder when 158 is divided by 32?
30
Calculate the remainder when 430 is divided by 209.
12
Calculate the remainder when 119 is divided by 36.
11
Calculate the remainder when 3033 is divided by 132.
129
What is the remainder when 226 is divided by 149?
77
What is the remainder when 142 is divided by 33?
10
Calculate the remainder when 737 is divided by 211.
104
Calculate the remainder when 142 is divided by 20.
2
Calculate the remainder when 979 is divided by 35.
34
What is the remainder when 20 is divided by 8?
4
Calculate the remainder when 415 is divided by 124.
43
What is the remainder when 873 is divided by 44?
37
Calculate the remainder when 2794 is divided by 65.
64
What is the remainder when 483 is divided by 19?
8
Calculate the remainder when 1874 is divided by 614.
32
Calculate the remainder when 3929 is divided by 24.
17
Calculate the remainder when 850 is divided by 212.
2
What is the remainder when 338 is divided by 79?
22
What is the remainder when 1322 is divided by 26?
22
What is the remainder when 558 is divided by 44?
30
What is the remainder when 812 is divided by 268?
8
What is the remainder when 3678 is divided by 16?
14
What is the remainder when 10335 is divided by 34?
33
Calculate the remainder when 84 is divided by 23.
15
What is the remainder when 2224 is divided by 186?
178
What is the remainder when 374 is divided by 103?
65
Calculate the remainder when 207 is divided by 124.
83
Calculate the remainder when 964 is divided by 130.
54
Calculate the remainder when 92 is divided by 40.
12
Calculate the remainder when 2363 is divided by 215.
213
Calculate the remainder when 1957 is divided by 20.
17
What is the remainder when 6941 is divided by 26?
25
Calculate the remainder when 1747 is divided by 577.
16
Calculate the remainder when 108 is divided by 48.
12
What is the remainder when 583 is divided by 45?
43
What is the remainder when 213 is divided by 98?
17
Calculate the remainder when 197 is divided by 18.
17
What is the remainder when 70 is divided by 23?
1
Calculate the remainder when 100 is divided by 37.
26
What is the remainder when 48 is divided by 27?
21
What is the remainder when 5957 is divided by 331?
330
What is the remainder when 89 is divided by 83?
6
Calculate the remainder when 741 is divided by 274.
193
What is the remainder when 51 is divided by 14?
9
Calculate the remainder when 859 is divided by 21.
19
What is the remainder when 387 is divided by 131?
125
Calculate the remainder when 3273 is divided by 6.
3
What is the remainder when 865 is divided by 43?
5
What is the remainder when 283 is divided by 24?
19
What is the remainder when 900 is divided by 100?
0
Calculate the remainder when 347 is divided by 106.
29
Calculate the remainder when 307 is divided by 79.
70
Calculate the remainder when 3398 is divided by 200.
198
Calculate the remainder when 2586 is divided by 259.
255
What is the remainder when 793 is divided by 55?
23
What is the remainder when 1045 is divided by 998?
47
What is the remainder when 191 is divided by 14?
9
What is the remainder when 699 is divided by 35?
34
Calculate the remainder when 4233 is divided by 77.
75
Calculate the remainder when 1258 is divided by 35.
33
Calculate the remainder when 61 is divided by 8.
5
What is the remainder when 63 is divided by 3?
0
Calculate the remainder when 2079 is divided by 40.
39
Calculate the remainder when 167 is divided by 7.
6
What is the remainder when 213 is divided by 129?
84
Calculate the remainder when 169 is divided by 45.
34
What is the remainder when 25 is divided by 14?
11
Calculate the remainder when 183 is divided by 27.
21
What is the remainder when 24 is divided by 10?
4
Calculate the remainder when 460 is divided by 158.
144
Calculate the remainder when 344 is divided by 64.
24
What is the remainder when 9 is divided by 6?
3
What is the remainder when 1194 is divided by 19?
16
Calculate the remainder when 87 is divided by 6.
3
What is the remainder when 781 is divided by 166?
117
Calculate the remainder when 167 is divided by 14.
13
What is the remainder when 203 is divided by 30?
23
What is the remainder when 502 is divided by 21?
19
Calculate the remainder when 24410 is divided by 4.
2
Calculate the remainder when 368 is divided by 7.
4
Calculate the remainder when 844 is divided by 11.
8
Calculate the remainder when 2879 is divided by 1436.
7
Calculate the remainder when 625 is divided by 11.
9
What is the remainder when 331 is divided by 153?
25
What is the remainder when 429 is divided by 22?
11
What is the remainder when 14946 is divided by 9?
6
What is the remainder when 1757 is divided by 61?
49
Calculate the remainder when 314 is divided by 10.
4
What is the remainder when 9518 is divided by 35?
33
What is the remainder when 258 is divided by 88?
82
What is the remainder when 927 is divided by 190?
167
What is the remainder when 645 is divided by 10?
5
Calculate the remainder when 4367 is divided by 19.
16
Calculate the remainder when 665 is divided by 11.
5
Calculate the remainder when 202 is divided by 51.
49
Calculate the remainder when 193 is divided by 14.
11
Calculate the remainder when 79 is divided by 60.
19
What is the remainder when 138 is divided by 7?
5
What is the remainder when 185 is divided by 39?
29
What is the remainder when 4031 is divided by 34?
19
What is the remainder when 369 is divided by 44?
17
What is the remainder when 136 is divided by 39?
19
What is the remainder when 650 is divided by 75?
50
What is the remainder when 220 is divided by 97?
26
What is the remainder when 167 is divided by 43?
38
What is the remainder when 1206 is divided by 290?
46
What is the remainder when 2318 is divided by 765?
23
Calculate the remainder when 3198 is divided by 2.
0
What is the remainder when 177 is divided by 68?
41
What is the remainder when 28 is divided by 6?
4
Calculate the remainder when 491 is divided by 64.
43
What is the remainder when 867 is divided by 62?
61
Calculate the remainder when 3692 is divided by 736.
12
What is the remainder when 922 is divided by 22?
20
What is the remainder when 1158 is divided by 190?
18
Calculate the remainder when 31319 is divided by 40.
39
Calculate the remainder when 150 is divided by 43.
21
What is the remainder when 1294 is divided by 145?
134
Calculate the remainder when 235 is divided by 14.
11
Calculate the remainder when 143 is divided by 22.
11
What is the remainder when 337 is divided by 34?
31
Calculate the remainder when 367 is divided by 76.
63
Calculate the remainder when 822 is divided by 143.
107
Calculate the remainder when 198 is divided by 71.
56
What is the remainder when 338 is divided by 75?
38
Calculate the remainder when 1230 is divided by 246.
0
What is the remainder when 812 is divided by 22?
20
Calculate the remainder when 32 is divided by 10.
2
What is the remainder when 230 is divided by 80?
70
Calculate the remainder when 1269 is divided by 58.
51
Calculate the remainder when 108 is divided by 26.
4
Calculate the remainder when 1086 is divided by 153.
15
Calculate the remainder when 127 is divided by 56.
15
What is the remainder when 118 is divided by 17?
16
What is the remainder when 9 is divided by 8?
1
What is the remainder when 119 is divided by 28?
7
What is the remainder when 1062 is divided by 351?
9
Calculate the remainder when 929 is divided by 22.
5
What is the remainder when 73 is divided by 60?
13
Calculate the remainder when 684 is divided by 312.
60
What is the remainder when 112 is divided by 39?
34
What is the remainder when 788 is divided by 15?
8
Calculate the remainder when 160 is divided by 56.
48
What is the remainder when 139 is divided by 36?
31
Calculate the remainder when 402 is divided by 188.
26
What is the remainder when 594 is divided by 5?
4
What is the remainder when 865 is divided by 14?
11
What is the remainder when 4569 is divided by 88?
81
What is the remainder when 11 is divided by 8?
3
What is the remainder when 4911 is divided by 126?
123
Calculate the remainder when 237 is d